?
2, 3, 5, 53
List the prime factors of 21646.
2, 79, 137
What are the prime factors of 1090?
2, 5, 109
List the prime factors of 1210.
2, 5, 11
List the prime factors of 4083.
3, 1361
What are the prime factors of 112?
2, 7
List the prime factors of 8087.
8087
List the prime factors of 28720.
2, 5, 359
List the prime factors of 1062.
2, 3, 59
What are the prime factors of 1600?
2, 5
List the prime factors of 4533.
3, 1511
List the prime factors of 1282.
2, 641
List the prime factors of 106640.
2, 5, 31, 43
What are the prime factors of 28768?
2, 29, 31
What are the prime factors of 1011?
3, 337
List the prime factors of 12156.
2, 3, 1013
List the prime factors of 346.
2, 173
List the prime factors of 8133.
3, 2711
List the prime factors of 35399.
7, 13, 389
What are the prime factors of 1911?
3, 7, 13
List the prime factors of 20608.
2, 7, 23
List the prime factors of 669.
3, 223
List the prime factors of 2853.
3, 317
What are the prime factors of 1501?
19, 79
List the prime factors of 1136.
2, 71
List the prime factors of 540.
2, 3, 5
List the prime factors of 1087.
1087
List the prime factors of 24400.
2, 5, 61
What are the prime factors of 1178?
2, 19, 31
List the prime factors of 5081.
5081
List the prime factors of 244.
2, 61
List the prime factors of 383.
383
What are the prime factors of 14117?
19, 743
List the prime factors of 1533.
3, 7, 73
What are the prime factors of 4263?
3, 7, 29
List the prime factors of 7073.
11, 643
List the prime factors of 9501.
3, 3167
List the prime factors of 3759.
3, 7, 179
List the prime factors of 808.
2, 101
List the prime factors of 61147.
47, 1301
What are the prime factors of 23001?
3, 11, 17, 41
What are the prime factors of 1908?
2, 3, 53
List the prime factors of 56.
2, 7
What are the prime factors of 34124?
2, 19, 449
What are the prime factors of 3409?
7, 487
What are the prime factors of 6356?
2, 7, 227
List the prime factors of 4208.
2, 263
What are the prime factors of 2874?
2, 3, 479
List the prime factors of 90546.
2, 3, 15091
What are the prime factors of 477?
3, 53
What are the prime factors of 8906?
2, 61, 73
What are the prime factors of 3833?
3833
List the prime factors of 12166.
2, 7, 11, 79
List the prime factors of 5638.
2, 2819
List the prime factors of 1720.
2, 5, 43
List the prime factors of 25.
5
List the prime factors of 11286.
2, 3, 11, 19
List the prime factors of 1705.
5, 11, 31
List the prime factors of 4847.
37, 131
List the prime factors of 20765.
5, 4153
What are the prime factors of 4259?
4259
What are the prime factors of 9357?
3, 3119
List the prime factors of 4478.
2, 2239
What are the prime factors of 3390?
2, 3, 5, 113
List the prime factors of 1898.
2, 13, 73
What are the prime factors of 808?
2, 101
What are the prime factors of 35418?
2, 3, 5903
What are the prime factors of 1879?
1879
What are the prime factors of 582?
2, 3, 97
List the prime factors of 17939.
17939
What are the prime factors of 3883?
11, 353
What are the prime factors of 41644?
2, 29, 359
What are the prime factors of 203648?
2, 37, 43
What are the prime factors of 2750?
2, 5, 11
List the prime factors of 2251.
2251
List the prime factors of 11559.
3, 3853
What are the prime factors of 102?
2, 3, 17
List the prime factors of 59692.
2, 14923
What are the prime factors of 299?
13, 23
List the prime factors of 118370.
2, 5, 7, 19, 89
List the prime factors of 31589.
31, 1019
List the prime factors of 9862.
2, 4931
What are the prime factors of 30931?
30931
List the prime factors of 12689.
12689
What are the prime factors of 51436?
2, 7, 11, 167
List the prime factors of 88195.
5, 31, 569
List the prime factors of 1385.
5, 277
List the prime factors of 6639.
3, 2213
What are the prime factors of 2129?
2129
List the prime factors of 450.
2, 3, 5
List the prime factors of 108606.
2, 3, 23, 787
What are the prime factors of 1480?
2, 5, 37
What are the prime factors of 14461?
14461
What are the prime factors of 11890?
2, 5, 29, 41
List the prime factors of 4197.
3, 1399
List the prime factors of 4925.
5, 197
What are the prime factors of 95706?
2, 3, 13, 409
What are the prime factors of 262?
2, 131
List the prime factors of 6926.
2, 3463
What are the prime factors of 11721?
3, 3907
What are the prime factors of 157?
157
What are the prime factors of 65743?
29, 2267
List the prime factors of 227.
227
List the prime factors of 132.
2, 3, 11
List the prime factors of 23464.
2, 7, 419
List the prime factors of 83676.
2, 3, 19, 367
List the prime factors of 1379.
7, 197
List the prime factors of 73139.
11, 61, 109
What are the prime factors of 20178?
2, 3, 19, 59
What are the prime factors of 42028?
2, 7, 19, 79
List the prime factors of 80.
2, 5
What are the prime factors of 1278?
2, 3, 71
What are the prime factors of 318?
2, 3, 53
What are the prime factors of 9012?
2, 3, 751
List the prime factors of 3129.
3, 7, 149
List the prime factors of 7591.
7591
List the prime factors of 738.
2, 3, 41
What are the prime factors of 120?
2, 3, 5
What are the prime factors of 1412?
2, 353
List the prime factors of 163.
163
What are the prime factors of 4605?
3, 5, 307
List the prime factors of 674.
2, 337
List the prime factors of 3709.
3709
List the prime factors of 1193.
1193
What are the prime factors of 108950?
2, 5, 2179
List the prime factors of 2867.
47, 61
List the prime factors of 46703.
46703
List the prime factors of 6450.
2, 3, 5, 43
List the prime factors of 29410.
2, 5, 17, 173
List the prime factors of 29393.
7, 13, 17, 19
List the prime factors of 617.
617
List the prime factors of 917.
7, 131
What are the prime factors of 1080?
2, 3, 5
What are the prime factors of 1210?
2, 5, 11
What are the prime factors of 10909?
10909
List the prime factors of 261.
3, 29
List the prime factors of 4167.
3, 463
What are the prime factors of 8802?
2, 3, 163
List the prime factors of 392.
2, 7
What are the prime factors of 5882?
2, 17, 173
List the prime factors of 5662.
2, 19, 149
What are the prime factors of 967?
967
What are the prime factors of 537?
3, 179
List the prime factors of 1367.
1367
List the prime factors of 28848.
2, 3, 601
List the prime factors of 4920.
2, 3, 5, 41
List the prime factors of 463.
463
List the prime factors of 10805.
5, 2161
What are the prime factors of 19508?
2, 4877
List the prime factors of 1894.
2, 947
What are the prime factors of 5201?
7, 743
What are the prime factors of 1596?
2, 3, 7, 19
List the prime factors of 14044.
2, 3511
List the prime factors of 6744.
2, 3, 281
What are the prime factors of 8039?
8039
What are the prime factors of 3948?
2, 3, 7, 47
What are the prime factors of 3037?
3037
List the prime factors of 57979.
37, 1567
List the prime factors of 5285.
5, 7, 151
List the prime factors of 12085.
5, 2417
List the prime factors of 21227.
21227
What are the prime factors of 8278?
2, 4139
List the prime factors of 1141.
7, 163
What are the prime factors of 3532?
2, 883
What are the prime factors of 97915?
5, 19583
List the prime factors of 1480.
2, 5, 37
List the prime factors of 616.
2, 7, 11
List the prime factors of 27251.
7, 17, 229
What are the prime factors of 8644?
2, 2161
What are the prime factors of 1593?
3, 59
What are the prime factors of 5647?
5647
What are the prime factors of 199892?
2, 7, 11, 59
List the prime factors of 964.
2, 241
List the prime factors of 137833.
337, 409
What are the prime factors of 67138?
2, 33569
What are the prime factors of 2478?
2, 3, 7, 59
List the prime factors of 1082.
2, 541
What are the prime factors of 97129?
23, 41, 103
List the prime factors of 2610.
2, 3, 5, 29
List the prime factors of 27519.
3, 9173
List the prime factors of 138.
2, 3, 23
List the prime factors of 1161.
3, 43
List the prime factors of 1135.
5, 227
List the prime factors of 6170.
2, 5, 617
List the prime factors of 2785.
5, 557
List the prime factors of 4721.
4721
List the prime factors of 2598.
2, 3, 433
What are the prime factors of 66666?
2, 3, 41, 271
What are the prime factors of 236?
2, 59
What are the prime factors of 358?
2, 179
What are the prime factors of 546?
2, 3, 7, 13
List the prime factors of 914.
2, 457
What are the prime factors of 2009?
7, 41
List the prime factors of 640.
2, 5
List the prime factors of 19145.
5, 7,